
5
What is the thousands digit of 75922492?
2
What is the hundreds digit of 80440913?
9
What is the millions digit of 620118172?
0
What is the ten millions digit of 181799786?
8
What is the thousands digit of 214566499?
6
What is the billions digit of 4426133176?
4
What is the tens digit of 5147363?
6
What is the ten millions digit of 511662834?
1
What is the tens digit of 23312617?
1
What is the thousands digit of 24501526?
1
What is the units digit of 46346214?
4
What is the hundred thousands digit of 102225290?
2
What is the units digit of 1163516371?
1
What is the ten millions digit of 292614245?
9
What is the ten thousands digit of 940225970?
2
What is the tens digit of 2358734308?
0
What is the ten thousands digit of 4081533?
8
What is the units digit of 6310220832?
2
What is the tens digit of 87866693?
9
What is the ten thousands digit of 21206811?
0
What is the ten thousands digit of 767874316?
7
What is the ten thousands digit of 9007758?
0
What is the ten thousands digit of 58174436?
7
What is the hundred thousands digit of 398901569?
9
What is the ten thousands digit of 22425973?
2
What is the hundreds digit of 2383960629?
6
What is the ten millions digit of 107733200?
0
What is the thousands digit of 595366576?
6
What is the ten millions digit of 4453052671?
5
What is the hundreds digit of 170534490?
4
What is the hundred millions digit of 504876992?
5
What is the hundred thousands digit of 119086590?
0
What is the tens digit of 8889771182?
8
What is the tens digit of 125694472?
7
What is the millions digit of 465332932?
5
What is the hundred thousands digit of 909084429?
0
What is the ten thousands digit of 557277848?
7
What is the units digit of 112014155?
5
What is the ten millions digit of 2340183817?
4
What is the hundred thousands digit of 375371818?
3
What is the thousands digit of 41364507?
4
What is the hundred thousands digit of 3511513717?
5
What is the hundred millions digit of 126141485?
1
What is the units digit of 277250832?
2
What is the units digit of 28133875?
5
What is the ten millions digit of 38523488?
3
What is the billions digit of 1781702913?
1
What is the hundred millions digit of 156116950?
1
What is the units digit of 294323343?
3
What is the hundreds digit of 5854535007?
0
What is the tens digit of 652236654?
5
What is the units digit of 19268233?
3
What is the hundreds digit of 126574485?
4
What is the millions digit of 20182774?
0
What is the tens digit of 46317339?
3
What is the hundreds digit of 19979474?
4
What is the ten thousands digit of 92840385?
4
What is the ten millions digit of 140208836?
4
What is the ten millions digit of 3628241245?
2
What is the thousands digit of 19867609?
7
What is the hundred thousands digit of 95303081?
3
What is the ten thousands digit of 83810581?
1
What is the tens digit of 21701103?
0
What is the thousands digit of 22255099?
5
What is the ten thousands digit of 30553337?
5
What is the thousands digit of 538349539?
9
What is the ten millions digit of 2842854235?
4
What is the millions digit of 835586608?
5
What is the hundreds digit of 73415768?
7
What is the millions digit of 59818383?
9
What is the ten thousands digit of 2195750298?
5
What is the ten thousands digit of 47314911?
1
What is the millions digit of 5610182044?
0
What is the hundreds digit of 65911239?
2
What is the ten thousands digit of 182545911?
4
What is the tens digit of 82674705?
0
What is the hundred thousands digit of 39675645?
6
What is the tens digit of 42014808?
0
What is the units digit of 72614896?
6
What is the units digit of 114000664?
4
What is the units digit of 1855085990?
0
What is the tens digit of 211756171?
7
What is the hundreds digit of 24483792?
7
What is the hundred thousands digit of 1244099900?
0
What is the ten thousands digit of 3684131453?
3
What is the hundred millions digit of 1234164489?
2
What is the millions digit of 14932304?
4
What is the tens digit of 114935855?
5
What is the ten millions digit of 1719915256?
1
What is the millions digit of 2396962279?
6
What is the thousands digit of 414061836?
1
What is the ten thousands digit of 381657121?
5
What is the hundred millions digit of 298810831?
2
What is the units digit of 106632553?
3
What is the hundred thousands digit of 242840843?
8
What is the millions digit of 178682845?
8
What is the hundred millions digit of 1100909812?
1
What is the thousands digit of 56712774?
2
What is the millions digit of 56595171?
6
What is the tens digit of 26565191?
9
What is the tens digit of 1680595603?
0
What is the units digit of 41585499?
9
What is the millions digit of 232002526?
2
What is the hundred thousands digit of 119336891?
3
What is the thousands digit of 316627488?
7
What is the millions digit of 172641119?
2
What is the hundreds digit of 89231743?
7
What is the hundreds digit of 963728050?
0
What is the tens digit of 23350605?
0
What is the hundred thousands digit of 287734293?
7
What is the ten millions digit of 46367725?
4
What is the hundred thousands digit of 48152147?
1
What is the millions digit of 1723740364?
3
What is the thousands digit of 3243446004?
6
What is the units digit of 41535381?
1
What is the hundred millions digit of 201560665?
2
What is the millions digit of 3256261853?
6
What is the ten millions digit of 151273509?
5
What is the tens digit of 87539361?
6
What is the hundreds digit of 414473364?
3
What is the hundred thousands digit of 2823760992?
7
What is the hundred thousands digit of 100614667?
6
What is the hundred thousands digit of 226711894?
7
What is the hundreds digit of 398929551?
5
What is the thousands digit of 243151076?
1
What is the thousands digit of 68269471?
9
What is the thousands digit of 2116106479?
6
What is the hundred thousands digit of 40312197?
3
What is the tens digit of 244169042?
4
What is the units digit of 4562286452?
2
What is the thousands digit of 10562859?
2
What is the ten millions digit of 49885371?
4
What is the tens digit of 827802921?
2
What is the ten millions digit of 3618711437?
1
What is the hundreds digit of 1004941576?
5
What is the hundred millions digit of 889769927?
8
What is the millions digit of 16803386?
6
What is the millions digit of 7827331?
7
What is the units digit of 53531453?
3
What is the hundreds digit of 18019848?
8
What is the units digit of 187360568?
8
What is the millions digit of 72279586?
2
What is the hundreds digit of 737300468?
4
What is the millions digit of 5133171639?
3
What is the hundreds digit of 36336556?
5
What is the units digit of 35779545?
5
What is the ten millions digit of 224168449?
2
What is the ten millions digit of 199525516?
9
What is the hundred millions digit of 6132607643?
1
What is the hundred thousands digit of 2534965807?
9
What is the tens digit of 49053908?
0
What is the units digit of 162318726?
6
What is the units digit of 4072385526?
6
What is the hundred thousands digit of 3879509?
8
What is the thousands digit of 1020233349?
3
What is the hundreds digit of 48133876?
8
What is the thousands digit of 247913700?
3
What is the millions digit of 97789206?
7
What is the hundred millions digit of 3212090395?
2
What is the millions digit of 35374846?
5
What is the tens digit of 515097071?
7
What is the units digit of 1654659229?
9
What is the ten millions digit of 5416931375?
1
What is the hundreds digit of 138757671?
6
What is the tens digit of 8107883?
8
What is the tens digit of 34372840?
4
What is the units digit of 24913738?
8
What is the tens digit of 19599951?
5
What is the ten millions digit of 117307639?
1
What is the hundreds digit of 96577757?
7
What is the thousands digit of 1156873521?
3
What is the ten thousands digit of 559307551?
0
What is the ten millions digit of 426673229?
2
What is the hundred thousands digit of 59575832?
5
What is the tens digit of 59882601?
0
What is the tens digit of 291405079?
7
What is the thousands digit of 115558917?
8
What is the hundred thousands digit of 66838516?
8
What is the ten thousands digit of 1392023549?
2
What is the ten thousands digit of 277795644?
9
What is the hundred millions digit of 844985401?
8
What is the ten thousands digit of 71096074?
9
What is the hundred thousands digit of 594987639?
9
What is the thousands digit of 605320662?
